*t + 1 = -q. Let p(g) = q*c(g) + 3*h(g). Calculate p(2).
22
Let p(q) = q**3 - 25*q**2 + 25*q - 28. Let v be p(24). Let o(k) = k**3 + 5*k**2 + 2*k + 4. Determine o(v).
12
Suppose 3*h - 2*b = 18 + 11, -4*h + 48 = -5*b. Let c = h + 1. Let x = -12 + c. Let a(i) = -i**3 - 2*i**2 + 6*i + 4. What is a(x)?
12
Let m(x) = 4*x. Let f(k) = -5*k. Let h(z) = 2*f(z) + 3*m(z). Let a be (1/2)/(-3 - 273/(-90)). Let o = a - 18. Determine h(o).
-6
Let s(c) = c**2 - 13*c + 16. Let a be s(11). Let l(y) = 16*y + 30. Let x(r) = 5 - 13*r + 1 + 16*r. Let t(k) = 2*l(k) - 11*x(k). Give t(a).
0
Suppose -6 = -224*v + 226*v - c, -16 = 2*v + 4*c. Let w(x) = -x**3 - 6*x**2 - x + 1. Determine w(v).
-27
Let n(g) be the second derivative of g**5/20 + g**4/3 - g**3/2 - g**2/2 + g. Suppose 11 = 4*m - 13. Suppose 3*p - 29 = 5*z, 3*z = 4*p - 18 - m. Determine n(z).
11
Let s(j) = j**2 - 8*j + 5. Let g = -5 - -9. Let a(q) = q - 359 + 359. Let k be a(g). What is s(k)?
-11
Let r(q) = 8*q**3 - 2*q + 1. Let u(n) = -n**3 + 14*n**2 - 13*n - 3. Let m be u(13). Let o be (1/m)/((-14)/42). Give r(o).
7
Let w(b) = -581*b + 2908. Let m be w(5). Let p(s) be the second derivative of 4*s**3/3 - 2*s**2 + s. What is p(m)?
20
Let m(n) = 3*n**3 + 1. Let p(i) = -5*i**3 - 2. Let u(o) = 7*m(o) + 4*p(o). Suppose -4*v + 9 = 5*g, 0 = -5*g + 3*g + 2*v. Determine u(g).
0
Suppose 3 = 4*n + 27. Let f(g) = 6*g**2 - 3 + 0 + g**3 - 6 - 2*g. Determine f(n).
3
Let r(l) = 0*l**2 - 2*l**2 - 14*l - 12*l + 32*l. Give r(4).
-8
Suppose -77 = -12*m + 67. Let o(x) = m*x**2 - 5*x**2 + 3 - 6*x**2 + 3. Suppose -2*g = -0*g. Calculate o(g).
6
Let k(z) = -2*z. Suppose -6 = 3*p - 3*i, -2*p - 4*i = 22 - 0. Calculate k(p).
10
Let l(k) = 2*k**2 + 8*k - 1. Let j = -5 + 9. Let d(s) = s**2 + 7*s. Let u(a) = j*d(a) - 3*l(a). Suppose 1284 = 7*q + 1256. Calculate u(q).
-13
Let x(m) = m**3 + m**2 - 2*m - 1. Let a(c) = -c**3 + 14*c**2 - 25*c + 14. Let j(l) = l**3 - 14*l**2 + l - 2. Let q be j(14). Let v be a(q). Determine x(v).
7
Let l(b) be the third derivative of 1/3*b**4 + 0 - 1/60*b**5 - 7/6*b**3 - 6*b**2 + 0*b. Determine l(5).
8
Let p(n) = -3*n + 6. Suppose -3*s = -0*s. Let o be (-1 - -1) + 4 + s. Give p(o).
-6
Let p = 25 + -25. Suppose g + 0*g - 5*g = p. Let d(y) = -y**3 - y**2 - 3. Give d(g).
-3
Suppose -5*f + 7 = -4*t, 3*t = 4*f + 1 - 7. Let r(s) = 3*s**3 - s**3 + s + f*s**2 - 3*s - 2 - s**3. Give r(2).
14
Let f = 1510/3 + -503. Let q(y) be the first derivative of 1/4*y**4 - f*y**3 - 4*y - 3 - 3/2*y**2. What is q(3)?
5
Let w(u) = -3*u - 1. Let o(d) = d**2 - 7*d + 9. Let v be o(4). Let b be (v/(-6))/((-3)/6). Let h be b/1 - 3 - -1. Calculate w(h).
8
Suppose 5*g = 0, -2*q - 5 + 41 = 3*g. Let a(m) = -m + 22. What is a(q)?
4
Let s(h) = 4*h**2 - 7*h + 2. Let p(w) = -11*w**2 + 17*w - 5. Let b(g) = 3*p(g) + 8*s(g). Calculate b(-4).
5
Let z(u) be the third derivative of -u**5/20 - u**4/24 - u**3/3 - 2*u**2 - 244*u. Determine z(2).
-16
Let d(y) = 2*y + 12*y**2 + 8*y + 2*y - y**3 - 6 + 2*y. Determine d(13).
7
Let u(z) = 16*z**2 + 2*z + 1. Let r(s) = -s**3 + 4*s**2 - 2*s. Let f be r(3). Let h = -6 + 8. Suppose f*w + h = w. Give u(w).
15
Let y(z) be the third derivative of -7*z**5/60 - z**4/24 - z**3/3 - 6*z**2. Let m = -716 + 718. Determine y(m).
-32
Let o(n) = -2*n**2 + n + 1. Let i(l) = l**2 - l - 1. Suppose 18 = -5*y - y. Let x(j) = y*i(j) - o(j). Determine x(4).
-6
Let r(s) = s + 2. Let d = -94 + 52. Let u = -43 - d. Determine r(u).
1
Let x be 12/3 - (4 - 2). Let o(y) = -y**3 + 4*y**2. Let t be o(3). Let s(p) = p + t - 2*p**2 + p**3 - 9. What is s(x)?
2
Let s(u) = u**3 - 2*u**2 - 3*u + 4. Let t be 2*(-3)/((-6)/(-7)). Let p = t - -7. Suppose p = 3*k - 0*k, 0 = 2*y - 5*k - 6. Determine s(y).
4
Let j = 56 - 53. Let t(l) = 3 + 4*l**2 + 1 + 7 - 12 + l**j. Let g(c) = -c + 8. Let m be g(12). Give t(m).
-1
Let a = 1 - 0. Let c be -4*(-4)/8*4. Let f(v) = -8*v**3 + v**2 + 0*v**3 + v**3 - v + c*v**3. Give f(a).
1
Suppose -c = 2*c - 21. Let m(t) = t**2 - 3*t + 2. Let x be m(3). Let u(j) = -3*j - 2 + 7*j + x*j + j - j**2. Give u(c).
-2
Let m(j) = -j - 5. Suppose -3*f = -7*f + f. Calculate m(f).
-5
Let n = 2 - 6. Let p be 24/16 + (-2)/(-4). Let y(z) = 53 - 3*z - z**p - 23 - 28. Determine y(n).
-2
Let q(s) be the first derivative of -7*s**4/2 + s**3/3 - s**2 - 17. Determine q(1).
-15
Let n be 2/((-117)/45 + 3). Let y(s) = s**3 - 6*s**2 + 4*s + 2. Calculate y(n).
-3
Let k(i) = i + 9. Let a be k(-5). Let m(l) be the second derivative of l**3 + 3*l**2/2 - 1019*l + 2. What is m(a)?
27
Suppose n - 4*n + 3 = 0. Suppose y + n = 7. Let d(j) be the first derivative of j**3/3 - 2*j**2 - 8*j - 182. What is d(y)?
4
Let k(w) = -3*w - 10. Let b(v) = 8*v + 30. Let l(z) = 4*b(z) + 11*k(z). Let d be 1 - -2 - 21/(-7). Give l(d).
4
Let v = 32 - 18. Suppose 27 = -5*d + 2*f, 5*d = 2*d - f - v. Let g = -1 + d. Let b(c) = -c**2 - 7*c - 3. Give b(g).
3
Let w(g) = -g**3 + 9*g**2 - 10*g + 19. Let t be w(8). Let k(b) be the third derivative of -b**5/60 + b**4/6 - b**3/2 + 2*b**2. Give k(t).
0
Let d(w) = -w**3 - w**2 + 1. Let b(m) = m**2 + 2*m + 29. Let q be b(0). Suppose 4*y = -3*h + 11, -2*y - q + 2 = -5*h. What is d(y)?
1
Let u(h) = -107547*h + 107544*h + 1 - 15 - 15. Calculate u(-10).
1
Let y be -16 + 12 - (-2 + 6). Let k(o) = 2*o + 3. Determine k(y).
-13
Let w = -3 + 4. Let k(j) = j**2 - 11*j - 22. Let i be k(13). Suppose 0 = i*u - w + 5. Let x(p) = -7*p**3 + 1. What is x(u)?
8
Let z(g) be the second derivative of -2*g**3/3 + g**2 + g - 55. Determine z(2).
-6
Let q(j) = 7*j + 7. Let n(u) = -6*u - 6. Let i(r) = -6*n(r) - 5*q(r). Let w be (-8)/28 + 564/14. Suppose w = 5*t - l, -5*t + 2*l = -20 - 25. What is i(t)?
8
Let t(d) be the third derivative of 5*d**4/24 + d**3/2 + 109*d**2. Suppose -4*j - 8 = -0*j. What is t(j)?
-7
Let a(j) be the third derivative of j**6/120 - j**5/10 - j**4/24 - j**3/3 + j**2. Suppose -2*y + 12 = t, 2*y + 7 - 19 = 2*t. Calculate a(y).
-8
Let c be (3 + (-39)/12)*-8 + -25. Let m(q) = -q**2 - 24*q - 27. Determine m(c).
-4
Let r = 20 + 0. Suppose 5*z - z = r. Let g(c) = -c**3 + 3*c**2 + 7*c - 2. Give g(z).
-17
Let u be ((-7)/(-14))/((-19)/(-38)). Let i(h) = -h**2 + h + 1. Let c(v) = v**3 + v**2 - 2*v - 3. Let q(k) = c(k) + 2*i(k). What is q(u)?
-1
Let a be 1/(1/5) + 2. Suppose a = -y + 1. Let q(p) = p**2 + 7*p + 6. Determine q(y).
0
Let a(u) = 31 - 12 - 4*u - 16 - u + 6*u**2. Give a(3).
42
Let s(i) be the third derivative of -i**6/120 - 3*i**5/20 + i**4/2 + 2*i**3/3 + 2*i**2 + 60. Calculate s(-10).
-16
Let x = 21 + -15. Let d(f) = x*f - 1 - 4*f + 0*f. What is d(1)?
1
Let n(u) be the first derivative of -11*u**2/2 + 64*u + 747. Calculate n(6).
-2
Let q = -157 + 163. Suppose 5*d + 12 = -13. Let v = d + q. Let g(o) = -6*o. Give g(v).
-6
Suppose 2*z - 6*z = -24. Suppose -3*h = 54 - z. Let b = 22 + h. Let y(t) = t**2 - 7*t + 8. Calculate y(b).
2
Suppose 3*a = 8*o - 3*o - 8, 4*o + 3*a - 1 = 0. Let t(k) = -13*k**3 + 2*k - 1. What is t(o)?
-12
Let u(h) = h. Let n(z) = 10*z. Let x(s) = 6*n(s) - 55*u(s). What is x(7)?
35
Let h(b) = 6 - 4*b - 9 + 0*b + 0*b. What is h(-6)?
21
Let w(m) be the first derivative of m**2/2 - 3*m - 2. Let v(b) = -4*b + 4*b - 2*b + 2. Let x be v(-2). Calculate w(x).
3
Suppose 6*s + 32 = -4. Let i(l) = 2*l**2 + 7*l. Calculate i(s).
30
Let x(b) = 16*b - 232. Let u be x(15). Let a(w) = w**2 - 9*w + 12. What is a(u)?
4
Let q be (-2)/6 - 40/15. Let c(s) = s**2 + 1. Let f(i) = -14*i**2 + 2*i - 4. Let v(p) = q*c(p) - f(p). Determine v(1).
10
Suppose p - 19 - 19 = 5*x, 0 = p - 3. Let j(b) = -b**3 - 8*b**2 - 7*b + 1. Calculate j(x).
1
Let d(f) be the second derivative of f**3/2 - 3*f - 15. Determine d(2).
6
Let t(j) = -6*j - 13. Let o be t(-3). Let v(a) = a**3 - 4*a**2 - 4*a. Give v(o).
5
Let m be (-1*3/12)/((-2)/24). Let u(o) = -7*o - 2*o + 11*o - m. Calculate u(-3).
-9
Let y = 7 + -5. Suppose -12 = -4*u + 2*s + y, -4*u = -3*s - 13. Let j(g) = u - 1 - g - g - 6. What is j(3)?
-9
Let w(d) = 12*d - 2 + 12 - 2764*d**2 + 2765*d**2 + 1 + 3. Give w(-11).
3
Suppose 86 = 5*q + 2*t, 4*q + 37*t - 68 = 35*t. Let n(a) = a**2 - 19*a + 14. Determine n(q).
-4
Suppose -4*l - 5*q = -19, 7 + 10 = 2*l + q. Let w(m) = -l*m + 4*m + 6*m - 7. Let k be w(-4). Let g(h) = -h - 4. What is g(k)?
-1
Let l(g) = -g**3 + 7*g**2 - 7*g + 5. Let o(f) = -2 + 2*f + 4 + 0. Let v = -49 